{"id":16876,"date":"2024-11-21T19:44:44","date_gmt":"2024-11-22T01:44:44","guid":{"rendered":"https:\/\/sorece.org\/maricela\/?post_type=product&#038;p=16876"},"modified":"2024-11-21T19:44:44","modified_gmt":"2024-11-22T01:44:44","slug":"primeros-auxilios-psicologicos-desde-la-perspectiva-de-genero","status":"publish","type":"product","link":"https:\/\/sorece.org\/maricela\/producto\/primeros-auxilios-psicologicos-desde-la-perspectiva-de-genero\/","title":{"rendered":"Primeros Auxilios Psicol\u00f3gicos desde la Perspectiva de G\u00e9nero."},"content":{"rendered":"<p><span data-sheets-root=\"1\">Los Primeros Auxilios Psic\u00f3logicos son una ayuda pr\u00e1ctica en momentos de crisis , el objetivo es proporcionar apoyo inmediato y temporal para reducir el impacto negativo del evento y promover la recuperaci\u00f3n emocional. Entre los beneficios de implementar los se encuentran: reducir los s\u00edntomas de estr\u00e9s, activar mecanismos de afrontamiento, fomento de la comunicaci\u00f3n y expresi\u00f3n emocional adem\u00e1s de prevenir posibles malestares que deriven en trastornos psicol\u00f3gicos. En la actualidad capacitarse en el uso de PAP con perspectiva de g\u00e9nero proporciona herramientas \u00fatiles en las situaciones de nuestros tiempos donde la violencia y las crisis ocurren de forma cotidiana.<\/span><\/p>\n<p>&nbsp;<\/p>\n<p>Temario:<\/p>\n<div>\n<ol>\n<li>\u00bfQu\u00e9 son los Primeros Auxilios Psicol\u00f3gicos?<\/li>\n<li>\u00bfC\u00f3mo incluir la Perspectiva de G\u00e9nero en la aplicaci\u00f3n de los PAP?<\/li>\n<li>Los pasos principales pasos de los Primeros Auxilios Psicol\u00f3gicos<\/li>\n<li>Aspectos pr\u00e1cticos<\/li>\n<li>Autocuidado para quienes aplican Primeros Auxilios Psicol\u00f3gicos<\/li>\n<\/ol>\n<\/div>\n","protected":false},"excerpt":{"rendered":"<p><span data-sheets-root=\"1\">Este curso ofrece un panorama general de los Primeros Auxilios Psic\u00f3logicos desde una perspectiva de g\u00e9nero. Adem\u00e1s de los pasos que se necesitan seguir para aplicarlos en situaciones de crisis, enfatizando su uso en situaciones de violencia <\/span><\/p>\n","protected":false},"featured_media":16877,"template":"","meta":{"give_campaign_id":0},"product_brand":[],"product_cat":[20],"product_tag":[],"class_list":{"0":"post-16876","1":"product","2":"type-product","3":"status-publish","4":"has-post-thumbnail","6":"product_cat-curso-online","8":"first","9":"instock","10":"sale","11":"shipping-taxable","12":"purchasable","13":"product-type-simple"},"yoast_head":"<!-- This site is optimized with the Yoast SEO Premium plugin v21.2 (Yoast SEO v27.1.1) - https:\/\/yoast.com\/product\/yoast-seo-premium-wordpress\/ -->\n<title>Primeros Auxilios Psicol\u00f3gicos desde la Perspectiva de G\u00e9nero. - Sorece<\/title>\n<meta name=\"description\" content=\"Este curso ofrece un panorama general de los Primeros Auxilios Psicol\u00f3gicos desde una perspectiva de g\u00e9nero. Adem\u00e1s de los pasos que se necesitan seguir para aplicarlos en situaciones de crisis, enfatizando su uso en situaciones de violencia\" \/>\n<meta name=\"robots\" content=\"index, follow, max-snippet:-1, max-image-preview:large, max-video-preview:-1\" \/>\n<link rel=\"canonical\" href=\"https:\/\/sorece.org\/maricela\/producto\/primeros-auxilios-psicologicos-desde-la-perspectiva-de-genero\/\" \/>\n<meta property=\"og:locale\" content=\"es_ES\" \/>\n<meta property=\"og:type\" content=\"article\" \/>\n<meta property=\"og:title\" content=\"Primeros Auxilios Psicol\u00f3gicos desde la Perspectiva de G\u00e9nero.\" \/>\n<meta property=\"og:description\" content=\"Este curso ofrece un panorama general de los Primeros Auxilios Psicol\u00f3gicos desde una perspectiva de g\u00e9nero. Adem\u00e1s de los pasos que se necesitan seguir para aplicarlos en situaciones de crisis, enfatizando su uso en situaciones de violencia\" \/>\n<meta property=\"og:url\" content=\"https:\/\/sorece.org\/maricela\/producto\/primeros-auxilios-psicologicos-desde-la-perspectiva-de-genero\/\" \/>\n<meta property=\"og:site_name\" content=\"Sorece\" \/>\n<meta property=\"og:image\" content=\"https:\/\/sorece.org\/maricela\/wp-content\/uploads\/2024\/11\/3f4415dc-a090-4cf2-8281-6c86594365d8.jpg\" \/>\n\t<meta property=\"og:image:width\" content=\"850\" \/>\n\t<meta property=\"og:image:height\" content=\"850\" \/>\n\t<meta property=\"og:image:type\" content=\"image\/jpeg\" \/>\n<meta name=\"twitter:card\" content=\"summary_large_image\" \/>\n<meta name=\"twitter:label1\" content=\"Tiempo de lectura\" \/>\n\t<meta name=\"twitter:data1\" content=\"1 minuto\" \/>\n<script type=\"application\/ld+json\" class=\"yoast-schema-graph\">{\"@context\":\"https:\/\/schema.org\",\"@graph\":[{\"@type\":\"WebPage\",\"@id\":\"https:\/\/sorece.org\/maricela\/producto\/primeros-auxilios-psicologicos-desde-la-perspectiva-de-genero\/\",\"url\":\"https:\/\/sorece.org\/maricela\/producto\/primeros-auxilios-psicologicos-desde-la-perspectiva-de-genero\/\",\"name\":\"Primeros Auxilios Psicol\u00f3gicos desde la Perspectiva de G\u00e9nero. - Sorece\",\"isPartOf\":{\"@id\":\"https:\/\/sorece.org\/maricela\/#website\"},\"primaryImageOfPage\":{\"@id\":\"https:\/\/sorece.org\/maricela\/producto\/primeros-auxilios-psicologicos-desde-la-perspectiva-de-genero\/#primaryimage\"},\"image\":{\"@id\":\"https:\/\/sorece.org\/maricela\/producto\/primeros-auxilios-psicologicos-desde-la-perspectiva-de-genero\/#primaryimage\"},\"thumbnailUrl\":\"https:\/\/sorece.org\/maricela\/wp-content\/uploads\/2024\/11\/3f4415dc-a090-4cf2-8281-6c86594365d8.jpg\",\"datePublished\":\"2024-11-22T01:44:44+00:00\",\"description\":\"Este curso ofrece un panorama general de los Primeros Auxilios Psicol\u00f3gicos desde una perspectiva de g\u00e9nero. Adem\u00e1s de los pasos que se necesitan seguir para aplicarlos en situaciones de crisis, enfatizando su uso en situaciones de violencia\",\"breadcrumb\":{\"@id\":\"https:\/\/sorece.org\/maricela\/producto\/primeros-auxilios-psicologicos-desde-la-perspectiva-de-genero\/#breadcrumb\"},\"inLanguage\":\"es\",\"potentialAction\":[{\"@type\":\"ReadAction\",\"target\":[\"https:\/\/sorece.org\/maricela\/producto\/primeros-auxilios-psicologicos-desde-la-perspectiva-de-genero\/\"]}]},{\"@type\":\"ImageObject\",\"inLanguage\":\"es\",\"@id\":\"https:\/\/sorece.org\/maricela\/producto\/primeros-auxilios-psicologicos-desde-la-perspectiva-de-genero\/#primaryimage\",\"url\":\"https:\/\/sorece.org\/maricela\/wp-content\/uploads\/2024\/11\/3f4415dc-a090-4cf2-8281-6c86594365d8.jpg\",\"contentUrl\":\"https:\/\/sorece.org\/maricela\/wp-content\/uploads\/2024\/11\/3f4415dc-a090-4cf2-8281-6c86594365d8.jpg\",\"width\":850,\"height\":850},{\"@type\":\"BreadcrumbList\",\"@id\":\"https:\/\/sorece.org\/maricela\/producto\/primeros-auxilios-psicologicos-desde-la-perspectiva-de-genero\/#breadcrumb\",\"itemListElement\":[{\"@type\":\"ListItem\",\"position\":1,\"name\":\"Home\",\"item\":\"https:\/\/sorece.org\/maricela\/\"},{\"@type\":\"ListItem\",\"position\":2,\"name\":\"Productos\",\"item\":\"https:\/\/sorece.org\/maricela\/shop\/\"},{\"@type\":\"ListItem\",\"position\":3,\"name\":\"Primeros Auxilios Psicol\u00f3gicos desde la Perspectiva de G\u00e9nero.\"}]},{\"@type\":\"WebSite\",\"@id\":\"https:\/\/sorece.org\/maricela\/#website\",\"url\":\"https:\/\/sorece.org\/maricela\/\",\"name\":\"Sorece\",\"description\":\"Asociaci\u00f3n de Psic\u00f3logas Feminista\",\"publisher\":{\"@id\":\"https:\/\/sorece.org\/maricela\/#organization\"},\"potentialAction\":[{\"@type\":\"SearchAction\",\"target\":{\"@type\":\"EntryPoint\",\"urlTemplate\":\"https:\/\/sorece.org\/maricela\/?s={search_term_string}\"},\"query-input\":{\"@type\":\"PropertyValueSpecification\",\"valueRequired\":true,\"valueName\":\"search_term_string\"}}],\"inLanguage\":\"es\"},{\"@type\":\"Organization\",\"@id\":\"https:\/\/sorece.org\/maricela\/#organization\",\"name\":\"Sorece\",\"url\":\"https:\/\/sorece.org\/maricela\/\",\"logo\":{\"@type\":\"ImageObject\",\"inLanguage\":\"es\",\"@id\":\"https:\/\/sorece.org\/maricela\/#\/schema\/logo\/image\/\",\"url\":\"https:\/\/sorece.org\/maricela\/wp-content\/uploads\/2023\/02\/Sorece-logo-Registrada-1-e1737698924626.png\",\"contentUrl\":\"https:\/\/sorece.org\/maricela\/wp-content\/uploads\/2023\/02\/Sorece-logo-Registrada-1-e1737698924626.png\",\"width\":628,\"height\":730,\"caption\":\"Sorece\"},\"image\":{\"@id\":\"https:\/\/sorece.org\/maricela\/#\/schema\/logo\/image\/\"}}]}<\/script>\n<!-- \/ Yoast SEO Premium plugin. -->","yoast_head_json":{"title":"Primeros Auxilios Psicol\u00f3gicos desde la Perspectiva de G\u00e9nero. - Sorece","description":"Este curso ofrece un panorama general de los Primeros Auxilios Psicol\u00f3gicos desde una perspectiva de g\u00e9nero. Adem\u00e1s de los pasos que se necesitan seguir para aplicarlos en situaciones de crisis, enfatizando su uso en situaciones de violencia","robots":{"index":"index","follow":"follow","max-snippet":"max-snippet:-1","max-image-preview":"max-image-preview:large","max-video-preview":"max-video-preview:-1"},"canonical":"https:\/\/sorece.org\/maricela\/producto\/primeros-auxilios-psicologicos-desde-la-perspectiva-de-genero\/","og_locale":"es_ES","og_type":"article","og_title":"Primeros Auxilios Psicol\u00f3gicos desde la Perspectiva de G\u00e9nero.","og_description":"Este curso ofrece un panorama general de los Primeros Auxilios Psicol\u00f3gicos desde una perspectiva de g\u00e9nero. Adem\u00e1s de los pasos que se necesitan seguir para aplicarlos en situaciones de crisis, enfatizando su uso en situaciones de violencia","og_url":"https:\/\/sorece.org\/maricela\/producto\/primeros-auxilios-psicologicos-desde-la-perspectiva-de-genero\/","og_site_name":"Sorece","og_image":[{"width":850,"height":850,"url":"https:\/\/sorece.org\/maricela\/wp-content\/uploads\/2024\/11\/3f4415dc-a090-4cf2-8281-6c86594365d8.jpg","type":"image\/jpeg"}],"twitter_card":"summary_large_image","twitter_misc":{"Tiempo de lectura":"1 minuto"},"schema":{"@context":"https:\/\/schema.org","@graph":[{"@type":"WebPage","@id":"https:\/\/sorece.org\/maricela\/producto\/primeros-auxilios-psicologicos-desde-la-perspectiva-de-genero\/","url":"https:\/\/sorece.org\/maricela\/producto\/primeros-auxilios-psicologicos-desde-la-perspectiva-de-genero\/","name":"Primeros Auxilios Psicol\u00f3gicos desde la Perspectiva de G\u00e9nero. - Sorece","isPartOf":{"@id":"https:\/\/sorece.org\/maricela\/#website"},"primaryImageOfPage":{"@id":"https:\/\/sorece.org\/maricela\/producto\/primeros-auxilios-psicologicos-desde-la-perspectiva-de-genero\/#primaryimage"},"image":{"@id":"https:\/\/sorece.org\/maricela\/producto\/primeros-auxilios-psicologicos-desde-la-perspectiva-de-genero\/#primaryimage"},"thumbnailUrl":"https:\/\/sorece.org\/maricela\/wp-content\/uploads\/2024\/11\/3f4415dc-a090-4cf2-8281-6c86594365d8.jpg","datePublished":"2024-11-22T01:44:44+00:00","description":"Este curso ofrece un panorama general de los Primeros Auxilios Psicol\u00f3gicos desde una perspectiva de g\u00e9nero. Adem\u00e1s de los pasos que se necesitan seguir para aplicarlos en situaciones de crisis, enfatizando su uso en situaciones de violencia","breadcrumb":{"@id":"https:\/\/sorece.org\/maricela\/producto\/primeros-auxilios-psicologicos-desde-la-perspectiva-de-genero\/#breadcrumb"},"inLanguage":"es","potentialAction":[{"@type":"ReadAction","target":["https:\/\/sorece.org\/maricela\/producto\/primeros-auxilios-psicologicos-desde-la-perspectiva-de-genero\/"]}]},{"@type":"ImageObject","inLanguage":"es","@id":"https:\/\/sorece.org\/maricela\/producto\/primeros-auxilios-psicologicos-desde-la-perspectiva-de-genero\/#primaryimage","url":"https:\/\/sorece.org\/maricela\/wp-content\/uploads\/2024\/11\/3f4415dc-a090-4cf2-8281-6c86594365d8.jpg","contentUrl":"https:\/\/sorece.org\/maricela\/wp-content\/uploads\/2024\/11\/3f4415dc-a090-4cf2-8281-6c86594365d8.jpg","width":850,"height":850},{"@type":"BreadcrumbList","@id":"https:\/\/sorece.org\/maricela\/producto\/primeros-auxilios-psicologicos-desde-la-perspectiva-de-genero\/#breadcrumb","itemListElement":[{"@type":"ListItem","position":1,"name":"Home","item":"https:\/\/sorece.org\/maricela\/"},{"@type":"ListItem","position":2,"name":"Productos","item":"https:\/\/sorece.org\/maricela\/shop\/"},{"@type":"ListItem","position":3,"name":"Primeros Auxilios Psicol\u00f3gicos desde la Perspectiva de G\u00e9nero."}]},{"@type":"WebSite","@id":"https:\/\/sorece.org\/maricela\/#website","url":"https:\/\/sorece.org\/maricela\/","name":"Sorece","description":"Asociaci\u00f3n de Psic\u00f3logas Feminista","publisher":{"@id":"https:\/\/sorece.org\/maricela\/#organization"},"potentialAction":[{"@type":"SearchAction","target":{"@type":"EntryPoint","urlTemplate":"https:\/\/sorece.org\/maricela\/?s={search_term_string}"},"query-input":{"@type":"PropertyValueSpecification","valueRequired":true,"valueName":"search_term_string"}}],"inLanguage":"es"},{"@type":"Organization","@id":"https:\/\/sorece.org\/maricela\/#organization","name":"Sorece","url":"https:\/\/sorece.org\/maricela\/","logo":{"@type":"ImageObject","inLanguage":"es","@id":"https:\/\/sorece.org\/maricela\/#\/schema\/logo\/image\/","url":"https:\/\/sorece.org\/maricela\/wp-content\/uploads\/2023\/02\/Sorece-logo-Registrada-1-e1737698924626.png","contentUrl":"https:\/\/sorece.org\/maricela\/wp-content\/uploads\/2023\/02\/Sorece-logo-Registrada-1-e1737698924626.png","width":628,"height":730,"caption":"Sorece"},"image":{"@id":"https:\/\/sorece.org\/maricela\/#\/schema\/logo\/image\/"}}]}},"_links":{"self":[{"href":"https:\/\/sorece.org\/maricela\/wp-json\/wp\/v2\/product\/16876","targetHints":{"allow":["GET"]}}],"collection":[{"href":"https:\/\/sorece.org\/maricela\/wp-json\/wp\/v2\/product"}],"about":[{"href":"https:\/\/sorece.org\/maricela\/wp-json\/wp\/v2\/types\/product"}],"wp:featuredmedia":[{"embeddable":true,"href":"https:\/\/sorece.org\/maricela\/wp-json\/wp\/v2\/media\/16877"}],"wp:attachment":[{"href":"https:\/\/sorece.org\/maricela\/wp-json\/wp\/v2\/media?parent=16876"}],"wp:term":[{"taxonomy":"product_brand","embeddable":true,"href":"https:\/\/sorece.org\/maricela\/wp-json\/wp\/v2\/product_brand?post=16876"},{"taxonomy":"product_cat","embeddable":true,"href":"https:\/\/sorece.org\/maricela\/wp-json\/wp\/v2\/product_cat?post=16876"},{"taxonomy":"product_tag","embeddable":true,"href":"https:\/\/sorece.org\/maricela\/wp-json\/wp\/v2\/product_tag?post=16876"}],"curies":[{"name":"wp","href":"https:\/\/api.w.org\/{rel}","templated":true}]}}