{"id":16758,"date":"2024-11-15T15:44:35","date_gmt":"2024-11-15T21:44:35","guid":{"rendered":"https:\/\/sorece.org\/maricela\/?post_type=product&#038;p=16758"},"modified":"2024-11-15T15:44:36","modified_gmt":"2024-11-15T21:44:36","slug":"claves-para-atender-casos-de-violencias","status":"publish","type":"product","link":"https:\/\/sorece.org\/maricela\/producto\/claves-para-atender-casos-de-violencias\/","title":{"rendered":"De la teor\u00eda a la pr\u00e1ctica: Claves para el acompa\u00f1amiento en casos de violencias."},"content":{"rendered":"<p><span data-sheets-root=\"1\">Las violencias son un problema de salud p\u00fablica adem\u00e1s de constituir un delito en nuestro pa\u00eds. La OMS (2003) define la violencia como toda acci\u00f3n u omisi\u00f3n que tenga como prop\u00f3sito someter por medio del uso intencional de la fuerza contra otra persona, comunidad o grupo, provocando da\u00f1o. Lo anterior enmarcado en un desequilibrio en el ejercicio del poder, en especial en las relaciones entre mujeres y hombres.<\/p>\n<p>La violencia ha permeado las relaciones sociales, convirti\u00e9ndose en un fen\u00f3meno psicosocial que impacta y abruma (Piper, 1999). Los efectos de la violencia sobre las sociedades, grupos y personas que la viven tocan fibras cada vez m\u00e1s sensibles. Como profesionales esto preocupa y ocupa, ya que implica un desaf\u00edo, de actuar con urgencia con base en los principios \u00e9ticos. Por lo que, es necesario rescatar la dimensi\u00f3n social, pol\u00edtica, cultural y de g\u00e9nero de la violencia.<br \/>\n<\/span><\/p>\n<p>El objetivo de este curso es p<span data-sheets-root=\"1\">roporcionar a las personas profesionales que acompa\u00f1an fundamentos te\u00f3ricos y pr\u00e1cticos desde los feminismos para la atenci\u00f3n de casos de violencia.<\/span><\/p>\n<p class=\"p1\"><b>Temario:<\/b><\/p>\n<p class=\"p1\"><span data-sheets-root=\"1\">M\u00f3dulo 1 Los Feminismos<br \/>\n1.1 \u00bfQu\u00e9 es la construcci\u00f3n social de g\u00e9nero?<br \/>\n1.2 Feminismo y acompa\u00f1amiento: g\u00e9nero, desigualdad y violencia<\/p>\n<p>M\u00f3dulo 2 Las violencias<br \/>\n2.1 Identificaci\u00f3n y comprensi\u00f3n de las violencias<br \/>\n2.2 Efectos psicosociales de sobrevivir violencias<\/p>\n<p>M\u00f3dulo 3 El acompa\u00f1amiento<br \/>\n3.1 La construcci\u00f3n de una relaci\u00f3n profesional no re-victimizante<br \/>\n3.2 C\u00f3mo entrevistar a sobrevivientes de violencias .<br \/>\n3.3 Recursos para la aproximaci\u00f3n a las sobrevivientes: el lugar de lo emocional, lo colectivo y la agencia personal. <\/span><\/p>\n<p class=\"p1\"><span data-sheets-root=\"1\">3.4 El trabajo grupal: De lo personal a lo pol\u00edtico (del drama personal a un problema pol\u00edtico)<\/p>\n<p>M\u00f3dulo 4 El autocuidado para profesionales que atienden violencias<br \/>\n4.1 Identificaci\u00f3n de recursos de autocuidado <\/span><\/p>\n<p class=\"p1\"><span data-sheets-root=\"1\">4.2 Cuidado colectivo<\/span><\/p>\n<p class=\"p1\"><b>Dirigido a:<\/b><\/p>\n<p class=\"p1\"><span data-sheets-root=\"1\">Dirigido a psicologxs, trabajadores sociales, personal de salud que se encuentre en contacto con personas que han sobrevivido violencias. Pueden ser psicologxs que hayan concluido sus estudios de Licenciatura en Psicolog\u00eda, Trabajo Social que deseen aproximarse al trabajo con personas que han sobrevivido violencias. <\/span><\/p>\n<p class=\"p1\"><b>Modalidad:<\/b><\/p>\n<p class=\"p1\">Online, asincr\u00f3nico.<\/p>\n<p class=\"p1\"><b>Imparte:<\/b><\/p>\n<p><span data-sheets-root=\"1\">Nohemi Jacqueline Cruz Santiago y Beatriz Valdivia Torres<\/span><\/p>\n<p>&nbsp;<\/p>\n<div class=\"page\" title=\"Page 10\">\n<div class=\"section\">\n<div class=\"layoutArea\">\n<div class=\"column\">\n<p>Beatriz Valdivia Torres<\/p>\n<p>Licenciada en Psicologi\u0301a y Maestra en Psicologi\u0301a con Residencia en Terapia Familiar por la Facultad de Psicologi\u0301a de la Universidad Nacional Auto\u0301noma de Me\u0301xico. Diplomada en Terapia Siste\u0301mico-Dialo\u0301gica de Mila\u0301n por la Scuola di Psicoterapia Siste\u0301mico-Dialo\u0301gica de Be\u0301rgamo Italia y la Escuela Siste\u0301mico Relacional de Me\u0301xico. Realizo\u0301 una estancia acade\u0301mica en Terapias Siste\u0301micas en la Universidad de Chile.<\/p>\n<p>Diplomada en Acompan\u0303amiento Psicosocial a Vi\u0301ctimas de violencia y desastres por la Universidad Iberoamericana y el Museo Memoria y Tolerancia. Formada en Psicoterapia en Violencia de Ge\u0301nero y Consejeri\u0301a en Salud Sexual del Programa de Sexualidad Humana de la Facultad de Psicologi\u0301a de la UNAM y en Evaluacio\u0301n Diagno\u0301stica Infantil en el Centro de Servicios Psicolo\u0301gicos Dr. Guillermo Da\u0301vila en la misma casa de estudios. Al mismo tiempo cuenta con distintas capacitaciones entre cursos y talleres sobre feminismos, atencio\u0301n a la violencia y psicoterapia.<\/p>\n<\/div>\n<div class=\"page\" title=\"Page 11\">\n<div class=\"section\">\n<div class=\"layoutArea\">\n<div class=\"column\">\n<p>Nohemi Jacqueline Cruz Santiago<\/p>\n<p>Estudio\u0301 la licenciatura en Psicologi\u0301a, posteriormente, realizo\u0301 la Maestri\u0301a en Psicologi\u0301a con Residencia en Terapia Familiar Siste\u0301mica y Posmoderna en la Universidad Nacional Auto\u0301noma de Me\u0301xico UNAM. Obtuvo una beca de talento internacional por la Universidad Pu\u0301blica de Navarra UPNA para realizar el Ma\u0301ster en Intervencio\u0301n Social con individuos, familias y grupos con especializacio\u0301n en ge\u0301nero, en Espan\u0303a.<\/p>\n<p>Ha realizado funciones de atencio\u0301n psicolo\u0301gica y manejo de grupos de atencio\u0301n social en la Cruz Roja Espan\u0303ola en Navarra. Colaboro\u0301 en el servicio de igualdad del ayuntamiento en Ansoain con temas de prevencio\u0301n de violencias, generando un plan de igualdad. Trabajo\u0301 en el proyecto de empoderamiento para mujeres titulado \u201csegunda oportunidad\u201d en la asociacio\u0301n convivencia joven y ONU mujeres en Me\u0301xico.<\/p>\n<\/div>\n<\/div>\n<\/div>\n<\/div>\n<\/div>\n<\/div>\n<\/div>\n","protected":false},"excerpt":{"rendered":"<p><span data-sheets-root=\"1\">Este curso con perspectiva feminista pretende proporcionar herramientas te\u00f3ricas y pr\u00e1cticas de acompa\u00f1amiento para el trabajo con personas que han vivido alg\u00fan tipo de violencia. Debido a que se requieren espacios seguros donde se respeten los ritmos de cada mujer para hablar de estas vivencias, ya que en ocasiones se re-victimizan a las sobrevivientes o se omiten situaciones particulares de cada experiencia que involucra la violencia. Por lo anterior, la sensibilizaci\u00f3n sobre el abordaje de las violencias incluye una mirada \u00e9tica y la comprensi\u00f3n sociocultural, estructural y pol\u00edtica del fen\u00f3meno para no perpetuar o normalizar injusticias.<\/p>\n<p>Cuenta con ejercicios pr\u00e1cticos, foros de discusi\u00f3n, materiales bibliogr\u00e1ficos y audiovisuales.<br \/>\n<\/span><\/p>\n","protected":false},"featured_media":16759,"template":"","meta":{"give_campaign_id":0},"product_brand":[],"product_cat":[20],"product_tag":[],"class_list":{"0":"post-16758","1":"product","2":"type-product","3":"status-publish","4":"has-post-thumbnail","6":"product_cat-curso-online","8":"first","9":"instock","10":"sale","11":"virtual","12":"purchasable","13":"product-type-simple"},"yoast_head":"<!-- This site is optimized with the Yoast SEO Premium plugin v21.2 (Yoast SEO v27.1.1) - https:\/\/yoast.com\/product\/yoast-seo-premium-wordpress\/ -->\n<title>De la teor\u00eda a la pr\u00e1ctica: Claves para el acompa\u00f1amiento en casos de violencias. - Sorece<\/title>\n<meta name=\"description\" content=\"Este curso con perspectiva feminista pretende proporcionar herramientas te\u00f3ricas y pr\u00e1cticas de acompa\u00f1amiento para el trabajo con personas que han vivido alg\u00fan tipo de violencia de g\u00e9nero.\" \/>\n<meta name=\"robots\" content=\"index, follow, max-snippet:-1, max-image-preview:large, max-video-preview:-1\" \/>\n<link rel=\"canonical\" href=\"https:\/\/sorece.org\/maricela\/producto\/claves-para-atender-casos-de-violencias\/\" \/>\n<meta property=\"og:locale\" content=\"es_ES\" \/>\n<meta property=\"og:type\" content=\"article\" \/>\n<meta property=\"og:title\" content=\"De la teor\u00eda a la pr\u00e1ctica: Claves para el acompa\u00f1amiento en casos de violencias.\" \/>\n<meta property=\"og:description\" content=\"Este curso con perspectiva feminista pretende proporcionar herramientas te\u00f3ricas y pr\u00e1cticas de acompa\u00f1amiento para el trabajo con personas que han vivido alg\u00fan tipo de violencia de g\u00e9nero.\" \/>\n<meta property=\"og:url\" content=\"https:\/\/sorece.org\/maricela\/producto\/claves-para-atender-casos-de-violencias\/\" \/>\n<meta property=\"og:site_name\" content=\"Sorece\" \/>\n<meta property=\"article:modified_time\" content=\"2024-11-15T21:44:36+00:00\" \/>\n<meta property=\"og:image\" content=\"https:\/\/sorece.org\/maricela\/wp-content\/uploads\/2024\/11\/6c0d67d5-fbd7-47ae-94f9-191de0bafc54.jpg\" \/>\n\t<meta property=\"og:image:width\" content=\"800\" \/>\n\t<meta property=\"og:image:height\" content=\"800\" \/>\n\t<meta property=\"og:image:type\" content=\"image\/jpeg\" \/>\n<meta name=\"twitter:card\" content=\"summary_large_image\" \/>\n<meta name=\"twitter:label1\" content=\"Tiempo de lectura\" \/>\n\t<meta name=\"twitter:data1\" content=\"4 minutos\" \/>\n<script type=\"application\/ld+json\" class=\"yoast-schema-graph\">{\"@context\":\"https:\/\/schema.org\",\"@graph\":[{\"@type\":\"WebPage\",\"@id\":\"https:\/\/sorece.org\/maricela\/producto\/claves-para-atender-casos-de-violencias\/\",\"url\":\"https:\/\/sorece.org\/maricela\/producto\/claves-para-atender-casos-de-violencias\/\",\"name\":\"De la teor\u00eda a la pr\u00e1ctica: Claves para el acompa\u00f1amiento en casos de violencias. - Sorece\",\"isPartOf\":{\"@id\":\"https:\/\/sorece.org\/maricela\/#website\"},\"primaryImageOfPage\":{\"@id\":\"https:\/\/sorece.org\/maricela\/producto\/claves-para-atender-casos-de-violencias\/#primaryimage\"},\"image\":{\"@id\":\"https:\/\/sorece.org\/maricela\/producto\/claves-para-atender-casos-de-violencias\/#primaryimage\"},\"thumbnailUrl\":\"https:\/\/sorece.org\/maricela\/wp-content\/uploads\/2024\/11\/6c0d67d5-fbd7-47ae-94f9-191de0bafc54.jpg\",\"datePublished\":\"2024-11-15T21:44:35+00:00\",\"dateModified\":\"2024-11-15T21:44:36+00:00\",\"description\":\"Este curso con perspectiva feminista pretende proporcionar herramientas te\u00f3ricas y pr\u00e1cticas de acompa\u00f1amiento para el trabajo con personas que han vivido alg\u00fan tipo de violencia de g\u00e9nero.\",\"breadcrumb\":{\"@id\":\"https:\/\/sorece.org\/maricela\/producto\/claves-para-atender-casos-de-violencias\/#breadcrumb\"},\"inLanguage\":\"es\",\"potentialAction\":[{\"@type\":\"ReadAction\",\"target\":[\"https:\/\/sorece.org\/maricela\/producto\/claves-para-atender-casos-de-violencias\/\"]}]},{\"@type\":\"ImageObject\",\"inLanguage\":\"es\",\"@id\":\"https:\/\/sorece.org\/maricela\/producto\/claves-para-atender-casos-de-violencias\/#primaryimage\",\"url\":\"https:\/\/sorece.org\/maricela\/wp-content\/uploads\/2024\/11\/6c0d67d5-fbd7-47ae-94f9-191de0bafc54.jpg\",\"contentUrl\":\"https:\/\/sorece.org\/maricela\/wp-content\/uploads\/2024\/11\/6c0d67d5-fbd7-47ae-94f9-191de0bafc54.jpg\",\"width\":800,\"height\":800},{\"@type\":\"BreadcrumbList\",\"@id\":\"https:\/\/sorece.org\/maricela\/producto\/claves-para-atender-casos-de-violencias\/#breadcrumb\",\"itemListElement\":[{\"@type\":\"ListItem\",\"position\":1,\"name\":\"Home\",\"item\":\"https:\/\/sorece.org\/maricela\/\"},{\"@type\":\"ListItem\",\"position\":2,\"name\":\"Productos\",\"item\":\"https:\/\/sorece.org\/maricela\/shop\/\"},{\"@type\":\"ListItem\",\"position\":3,\"name\":\"De la teor\u00eda a la pr\u00e1ctica: Claves para el acompa\u00f1amiento en casos de violencias.\"}]},{\"@type\":\"WebSite\",\"@id\":\"https:\/\/sorece.org\/maricela\/#website\",\"url\":\"https:\/\/sorece.org\/maricela\/\",\"name\":\"Sorece\",\"description\":\"Asociaci\u00f3n de Psic\u00f3logas Feminista\",\"publisher\":{\"@id\":\"https:\/\/sorece.org\/maricela\/#organization\"},\"potentialAction\":[{\"@type\":\"SearchAction\",\"target\":{\"@type\":\"EntryPoint\",\"urlTemplate\":\"https:\/\/sorece.org\/maricela\/?s={search_term_string}\"},\"query-input\":{\"@type\":\"PropertyValueSpecification\",\"valueRequired\":true,\"valueName\":\"search_term_string\"}}],\"inLanguage\":\"es\"},{\"@type\":\"Organization\",\"@id\":\"https:\/\/sorece.org\/maricela\/#organization\",\"name\":\"Sorece\",\"url\":\"https:\/\/sorece.org\/maricela\/\",\"logo\":{\"@type\":\"ImageObject\",\"inLanguage\":\"es\",\"@id\":\"https:\/\/sorece.org\/maricela\/#\/schema\/logo\/image\/\",\"url\":\"https:\/\/sorece.org\/maricela\/wp-content\/uploads\/2023\/02\/Sorece-logo-Registrada-1-e1737698924626.png\",\"contentUrl\":\"https:\/\/sorece.org\/maricela\/wp-content\/uploads\/2023\/02\/Sorece-logo-Registrada-1-e1737698924626.png\",\"width\":628,\"height\":730,\"caption\":\"Sorece\"},\"image\":{\"@id\":\"https:\/\/sorece.org\/maricela\/#\/schema\/logo\/image\/\"}}]}<\/script>\n<!-- \/ Yoast SEO Premium plugin. -->","yoast_head_json":{"title":"De la teor\u00eda a la pr\u00e1ctica: Claves para el acompa\u00f1amiento en casos de violencias. - Sorece","description":"Este curso con perspectiva feminista pretende proporcionar herramientas te\u00f3ricas y pr\u00e1cticas de acompa\u00f1amiento para el trabajo con personas que han vivido alg\u00fan tipo de violencia de g\u00e9nero.","robots":{"index":"index","follow":"follow","max-snippet":"max-snippet:-1","max-image-preview":"max-image-preview:large","max-video-preview":"max-video-preview:-1"},"canonical":"https:\/\/sorece.org\/maricela\/producto\/claves-para-atender-casos-de-violencias\/","og_locale":"es_ES","og_type":"article","og_title":"De la teor\u00eda a la pr\u00e1ctica: Claves para el acompa\u00f1amiento en casos de violencias.","og_description":"Este curso con perspectiva feminista pretende proporcionar herramientas te\u00f3ricas y pr\u00e1cticas de acompa\u00f1amiento para el trabajo con personas que han vivido alg\u00fan tipo de violencia de g\u00e9nero.","og_url":"https:\/\/sorece.org\/maricela\/producto\/claves-para-atender-casos-de-violencias\/","og_site_name":"Sorece","article_modified_time":"2024-11-15T21:44:36+00:00","og_image":[{"width":800,"height":800,"url":"https:\/\/sorece.org\/maricela\/wp-content\/uploads\/2024\/11\/6c0d67d5-fbd7-47ae-94f9-191de0bafc54.jpg","type":"image\/jpeg"}],"twitter_card":"summary_large_image","twitter_misc":{"Tiempo de lectura":"4 minutos"},"schema":{"@context":"https:\/\/schema.org","@graph":[{"@type":"WebPage","@id":"https:\/\/sorece.org\/maricela\/producto\/claves-para-atender-casos-de-violencias\/","url":"https:\/\/sorece.org\/maricela\/producto\/claves-para-atender-casos-de-violencias\/","name":"De la teor\u00eda a la pr\u00e1ctica: Claves para el acompa\u00f1amiento en casos de violencias. - Sorece","isPartOf":{"@id":"https:\/\/sorece.org\/maricela\/#website"},"primaryImageOfPage":{"@id":"https:\/\/sorece.org\/maricela\/producto\/claves-para-atender-casos-de-violencias\/#primaryimage"},"image":{"@id":"https:\/\/sorece.org\/maricela\/producto\/claves-para-atender-casos-de-violencias\/#primaryimage"},"thumbnailUrl":"https:\/\/sorece.org\/maricela\/wp-content\/uploads\/2024\/11\/6c0d67d5-fbd7-47ae-94f9-191de0bafc54.jpg","datePublished":"2024-11-15T21:44:35+00:00","dateModified":"2024-11-15T21:44:36+00:00","description":"Este curso con perspectiva feminista pretende proporcionar herramientas te\u00f3ricas y pr\u00e1cticas de acompa\u00f1amiento para el trabajo con personas que han vivido alg\u00fan tipo de violencia de g\u00e9nero.","breadcrumb":{"@id":"https:\/\/sorece.org\/maricela\/producto\/claves-para-atender-casos-de-violencias\/#breadcrumb"},"inLanguage":"es","potentialAction":[{"@type":"ReadAction","target":["https:\/\/sorece.org\/maricela\/producto\/claves-para-atender-casos-de-violencias\/"]}]},{"@type":"ImageObject","inLanguage":"es","@id":"https:\/\/sorece.org\/maricela\/producto\/claves-para-atender-casos-de-violencias\/#primaryimage","url":"https:\/\/sorece.org\/maricela\/wp-content\/uploads\/2024\/11\/6c0d67d5-fbd7-47ae-94f9-191de0bafc54.jpg","contentUrl":"https:\/\/sorece.org\/maricela\/wp-content\/uploads\/2024\/11\/6c0d67d5-fbd7-47ae-94f9-191de0bafc54.jpg","width":800,"height":800},{"@type":"BreadcrumbList","@id":"https:\/\/sorece.org\/maricela\/producto\/claves-para-atender-casos-de-violencias\/#breadcrumb","itemListElement":[{"@type":"ListItem","position":1,"name":"Home","item":"https:\/\/sorece.org\/maricela\/"},{"@type":"ListItem","position":2,"name":"Productos","item":"https:\/\/sorece.org\/maricela\/shop\/"},{"@type":"ListItem","position":3,"name":"De la teor\u00eda a la pr\u00e1ctica: Claves para el acompa\u00f1amiento en casos de violencias."}]},{"@type":"WebSite","@id":"https:\/\/sorece.org\/maricela\/#website","url":"https:\/\/sorece.org\/maricela\/","name":"Sorece","description":"Asociaci\u00f3n de Psic\u00f3logas Feminista","publisher":{"@id":"https:\/\/sorece.org\/maricela\/#organization"},"potentialAction":[{"@type":"SearchAction","target":{"@type":"EntryPoint","urlTemplate":"https:\/\/sorece.org\/maricela\/?s={search_term_string}"},"query-input":{"@type":"PropertyValueSpecification","valueRequired":true,"valueName":"search_term_string"}}],"inLanguage":"es"},{"@type":"Organization","@id":"https:\/\/sorece.org\/maricela\/#organization","name":"Sorece","url":"https:\/\/sorece.org\/maricela\/","logo":{"@type":"ImageObject","inLanguage":"es","@id":"https:\/\/sorece.org\/maricela\/#\/schema\/logo\/image\/","url":"https:\/\/sorece.org\/maricela\/wp-content\/uploads\/2023\/02\/Sorece-logo-Registrada-1-e1737698924626.png","contentUrl":"https:\/\/sorece.org\/maricela\/wp-content\/uploads\/2023\/02\/Sorece-logo-Registrada-1-e1737698924626.png","width":628,"height":730,"caption":"Sorece"},"image":{"@id":"https:\/\/sorece.org\/maricela\/#\/schema\/logo\/image\/"}}]}},"_links":{"self":[{"href":"https:\/\/sorece.org\/maricela\/wp-json\/wp\/v2\/product\/16758","targetHints":{"allow":["GET"]}}],"collection":[{"href":"https:\/\/sorece.org\/maricela\/wp-json\/wp\/v2\/product"}],"about":[{"href":"https:\/\/sorece.org\/maricela\/wp-json\/wp\/v2\/types\/product"}],"wp:featuredmedia":[{"embeddable":true,"href":"https:\/\/sorece.org\/maricela\/wp-json\/wp\/v2\/media\/16759"}],"wp:attachment":[{"href":"https:\/\/sorece.org\/maricela\/wp-json\/wp\/v2\/media?parent=16758"}],"wp:term":[{"taxonomy":"product_brand","embeddable":true,"href":"https:\/\/sorece.org\/maricela\/wp-json\/wp\/v2\/product_brand?post=16758"},{"taxonomy":"product_cat","embeddable":true,"href":"https:\/\/sorece.org\/maricela\/wp-json\/wp\/v2\/product_cat?post=16758"},{"taxonomy":"product_tag","embeddable":true,"href":"https:\/\/sorece.org\/maricela\/wp-json\/wp\/v2\/product_tag?post=16758"}],"curies":[{"name":"wp","href":"https:\/\/api.w.org\/{rel}","templated":true}]}}