{"id":16755,"date":"2024-11-15T15:21:03","date_gmt":"2024-11-15T21:21:03","guid":{"rendered":"https:\/\/sorece.org\/maricela\/?post_type=product&#038;p=16755"},"modified":"2024-11-15T15:27:43","modified_gmt":"2024-11-15T21:27:43","slug":"introduccion-a-los-feminismos-historia-y-luchas-feministas","status":"publish","type":"product","link":"https:\/\/sorece.org\/maricela\/producto\/introduccion-a-los-feminismos-historia-y-luchas-feministas\/","title":{"rendered":"Introducci\u00f3n a los feminismos. Historia y luchas feministas."},"content":{"rendered":"<p><span data-sheets-root=\"1\">Los feminismos representan una resistencia hist\u00f3rica, mundial y heterog\u00e9nea, que han promovido que se reconozca a las mujeres como seres humanos, y con derecho al voto, al placer, a la maternidad elegida; con derecho a un destino m\u00e1s all\u00e1 del amor y del matrimonio, a la diversidad y disidencia sexo-gen\u00e9rica, el derecho a una vida libre de violencia y a la libertad plena, para que el ser mujer se defina por nuestra propia conciencia y nunca m\u00e1s a partir de los intereses del patriarcado y capitalismo.<br \/>\nRecorrer este camino de luchas nos permitir\u00e1 estudiar c\u00f3mo revolucionamos las construcciones sociales que en el pasado nos limitaban para ser cuerpos biol\u00f3gicos cuyo \u00fanico fin era la reproducci\u00f3n y cuidados; a las sujetas pol\u00edticas que podemos ser en el presente, en d\u00f3nde es posible tener deseos propios, autonom\u00eda y construir nuestro propio destino.<br \/>\nLos feminismos cambiaron radicalmente nuestras vidas, por ello estas teor\u00edas son formas potentes de transgresi\u00f3n y autogesti\u00f3n. Son una forma de habitar el mundo m\u00e1s justa para todxs.<\/span><\/p>\n<p>&nbsp;<\/p>\n<p><strong>Temario:<\/strong><\/p>\n<p><span data-sheets-root=\"1\">1. El feminismo, una forma de habitar el mundo. <\/span><\/p>\n<p><span data-sheets-root=\"1\">2. Introducci\u00f3n al feminismo ilustrado. <\/span><\/p>\n<p><span data-sheets-root=\"1\">3. La segunda ola del feminismo: Las sufragistas. <\/span><\/p>\n<p><span data-sheets-root=\"1\">4. Feminismos socialistas y marxistas. <\/span><\/p>\n<p><span data-sheets-root=\"1\">5. El feminismo anarquista. <\/span><\/p>\n<p><span data-sheets-root=\"1\">6. Simone de Beauvoir <\/span><\/p>\n<p><span data-sheets-root=\"1\">7. El feminismo liberal de Betty Friedan. <\/span><\/p>\n<p><span data-sheets-root=\"1\">8. Los feminismos radicales. <\/span><\/p>\n<p><span data-sheets-root=\"1\">9. Feminismos negros. <\/span><\/p>\n<p><span data-sheets-root=\"1\">10. El feminismo posmoderno.<\/span><\/p>\n<p>&nbsp;<\/p>\n<p><span data-sheets-root=\"1\"><strong>Dirigido a:<\/strong><\/span><\/p>\n<p><span data-sheets-root=\"1\">P\u00fablico general.<\/span><\/p>\n<p><strong>Modalidad:<\/strong><\/p>\n<p>Online, asincr\u00f3nico.<\/p>\n<p><strong>Imparte:<\/strong><\/p>\n<p class=\"p1\">Bianca P\u00e9rez Reyes<\/p>\n<p class=\"p1\">Es psic\u00f3loga feminista, especialista en atenci\u00f3n a v\u00edctimas de violencia sexual y de g\u00e9nero y en Teor\u00eda e Investigaci\u00f3n feminista por el Centro de Investigaciones Interdisciplinarias en Ciencias y Humanidades de la UNAM. Es especialista en Psicodrama y coordinaci\u00f3n de grupos, es acompa\u00f1ante psicosocial egresada de la Escuela Nacional de Acompa\u00f1amiento Psicosocial para la defensa de los derechos humanos de Aluna y especialista en peritajes psicosociales por la Universidad Aut\u00f3noma de Quer\u00e9taro.<\/p>\n<p class=\"p1\">En 2018 fund\u00f3 Sorece. Asociaci\u00f3n de psic\u00f3logas feministas, A.C. Una red de terapeutas con alcance en varios estados de la rep\u00fablica que atiende a cientos de mujeres semanalmente. Actualmente es directora general de esta asociaci\u00f3n, en donde tambi\u00e9n acompa\u00f1a a sobrevivientes y organizaciones civiles que resisten la violencia patriarcal.<\/p>\n<p class=\"p1\">Ha desarrollado recursos y participado en la coordinaci\u00f3n de acompa\u00f1amientos a defensoras de derechos humanos y v\u00edctimas de violencia de g\u00e9nero a trav\u00e9s de la Iniciativa Spotlight de ONU Derechos Humanos y en el Programa para la Resiliencia de la Sociedad civil de USAID.<\/p>\n","protected":false},"excerpt":{"rendered":"<p><span data-sheets-root=\"1\">En este curso abordaremos de manera introductoria la historia, el pensamiento y las luchas de las mujeres en las diversas corrientes del feminismo, haciendo un recorrido hist\u00f3rico de los debates m\u00e1s importantes y conceptos clave propuestos desde el feminismo de la Ilustraci\u00f3n hasta los feminismos posmodernos. Se revisar\u00e1n los trabajos de las principales exponentes del pensamiento feminista en sus distintas vertientes.<\/span><\/p>\n","protected":false},"featured_media":16756,"template":"","meta":{"give_campaign_id":0},"product_brand":[],"product_cat":[20],"product_tag":[],"class_list":{"0":"post-16755","1":"product","2":"type-product","3":"status-publish","4":"has-post-thumbnail","6":"product_cat-curso-online","8":"first","9":"instock","10":"sale","11":"shipping-taxable","12":"purchasable","13":"product-type-simple"},"yoast_head":"<!-- This site is optimized with the Yoast SEO Premium plugin v21.2 (Yoast SEO v27.1.1) - https:\/\/yoast.com\/product\/yoast-seo-premium-wordpress\/ -->\n<title>Introducci\u00f3n a los feminismos. Historia y luchas feministas. - Sorece<\/title>\n<meta name=\"description\" content=\"En este curso abordaremos de manera introductoria la historia, el pensamiento y las luchas de las mujeres en las diversas corrientes del feminismo, haciendo un recorrido hist\u00f3rico de los debates m\u00e1s importantes y conceptos clave propuestos desde el feminismo de la Ilustraci\u00f3n hasta los feminismos posmodernos. Se revisar\u00e1n los trabajos de las principales exponentes del pensamiento feminista en sus distintas vertientes.\" \/>\n<meta name=\"robots\" content=\"index, follow, max-snippet:-1, max-image-preview:large, max-video-preview:-1\" \/>\n<link rel=\"canonical\" href=\"https:\/\/sorece.org\/maricela\/producto\/introduccion-a-los-feminismos-historia-y-luchas-feministas\/\" \/>\n<meta property=\"og:locale\" content=\"es_ES\" \/>\n<meta property=\"og:type\" content=\"article\" \/>\n<meta property=\"og:title\" content=\"Introducci\u00f3n a los feminismos. Historia y luchas feministas.\" \/>\n<meta property=\"og:description\" content=\"En este curso abordaremos de manera introductoria la historia, el pensamiento y las luchas de las mujeres en las diversas corrientes del feminismo, haciendo un recorrido hist\u00f3rico de los debates m\u00e1s importantes y conceptos clave propuestos desde el feminismo de la Ilustraci\u00f3n hasta los feminismos posmodernos. Se revisar\u00e1n los trabajos de las principales exponentes del pensamiento feminista en sus distintas vertientes.\" \/>\n<meta property=\"og:url\" content=\"https:\/\/sorece.org\/maricela\/producto\/introduccion-a-los-feminismos-historia-y-luchas-feministas\/\" \/>\n<meta property=\"og:site_name\" content=\"Sorece\" \/>\n<meta property=\"article:modified_time\" content=\"2024-11-15T21:27:43+00:00\" \/>\n<meta property=\"og:image\" content=\"https:\/\/sorece.org\/maricela\/wp-content\/uploads\/2024\/11\/c0914ff1-274b-48c2-b7de-c746c403e0f5.jpg\" \/>\n\t<meta property=\"og:image:width\" content=\"850\" \/>\n\t<meta property=\"og:image:height\" content=\"850\" \/>\n\t<meta property=\"og:image:type\" content=\"image\/jpeg\" \/>\n<meta name=\"twitter:card\" content=\"summary_large_image\" \/>\n<meta name=\"twitter:label1\" content=\"Tiempo de lectura\" \/>\n\t<meta name=\"twitter:data1\" content=\"3 minutos\" \/>\n<script type=\"application\/ld+json\" class=\"yoast-schema-graph\">{\"@context\":\"https:\/\/schema.org\",\"@graph\":[{\"@type\":\"WebPage\",\"@id\":\"https:\/\/sorece.org\/maricela\/producto\/introduccion-a-los-feminismos-historia-y-luchas-feministas\/\",\"url\":\"https:\/\/sorece.org\/maricela\/producto\/introduccion-a-los-feminismos-historia-y-luchas-feministas\/\",\"name\":\"Introducci\u00f3n a los feminismos. Historia y luchas feministas. - Sorece\",\"isPartOf\":{\"@id\":\"https:\/\/sorece.org\/maricela\/#website\"},\"primaryImageOfPage\":{\"@id\":\"https:\/\/sorece.org\/maricela\/producto\/introduccion-a-los-feminismos-historia-y-luchas-feministas\/#primaryimage\"},\"image\":{\"@id\":\"https:\/\/sorece.org\/maricela\/producto\/introduccion-a-los-feminismos-historia-y-luchas-feministas\/#primaryimage\"},\"thumbnailUrl\":\"https:\/\/sorece.org\/maricela\/wp-content\/uploads\/2024\/11\/c0914ff1-274b-48c2-b7de-c746c403e0f5.jpg\",\"datePublished\":\"2024-11-15T21:21:03+00:00\",\"dateModified\":\"2024-11-15T21:27:43+00:00\",\"description\":\"En este curso abordaremos de manera introductoria la historia, el pensamiento y las luchas de las mujeres en las diversas corrientes del feminismo, haciendo un recorrido hist\u00f3rico de los debates m\u00e1s importantes y conceptos clave propuestos desde el feminismo de la Ilustraci\u00f3n hasta los feminismos posmodernos. Se revisar\u00e1n los trabajos de las principales exponentes del pensamiento feminista en sus distintas vertientes.\",\"breadcrumb\":{\"@id\":\"https:\/\/sorece.org\/maricela\/producto\/introduccion-a-los-feminismos-historia-y-luchas-feministas\/#breadcrumb\"},\"inLanguage\":\"es\",\"potentialAction\":[{\"@type\":\"ReadAction\",\"target\":[\"https:\/\/sorece.org\/maricela\/producto\/introduccion-a-los-feminismos-historia-y-luchas-feministas\/\"]}]},{\"@type\":\"ImageObject\",\"inLanguage\":\"es\",\"@id\":\"https:\/\/sorece.org\/maricela\/producto\/introduccion-a-los-feminismos-historia-y-luchas-feministas\/#primaryimage\",\"url\":\"https:\/\/sorece.org\/maricela\/wp-content\/uploads\/2024\/11\/c0914ff1-274b-48c2-b7de-c746c403e0f5.jpg\",\"contentUrl\":\"https:\/\/sorece.org\/maricela\/wp-content\/uploads\/2024\/11\/c0914ff1-274b-48c2-b7de-c746c403e0f5.jpg\",\"width\":850,\"height\":850},{\"@type\":\"BreadcrumbList\",\"@id\":\"https:\/\/sorece.org\/maricela\/producto\/introduccion-a-los-feminismos-historia-y-luchas-feministas\/#breadcrumb\",\"itemListElement\":[{\"@type\":\"ListItem\",\"position\":1,\"name\":\"Home\",\"item\":\"https:\/\/sorece.org\/maricela\/\"},{\"@type\":\"ListItem\",\"position\":2,\"name\":\"Productos\",\"item\":\"https:\/\/sorece.org\/maricela\/shop\/\"},{\"@type\":\"ListItem\",\"position\":3,\"name\":\"Introducci\u00f3n a los feminismos. Historia y luchas feministas.\"}]},{\"@type\":\"WebSite\",\"@id\":\"https:\/\/sorece.org\/maricela\/#website\",\"url\":\"https:\/\/sorece.org\/maricela\/\",\"name\":\"Sorece\",\"description\":\"Asociaci\u00f3n de Psic\u00f3logas Feminista\",\"publisher\":{\"@id\":\"https:\/\/sorece.org\/maricela\/#organization\"},\"potentialAction\":[{\"@type\":\"SearchAction\",\"target\":{\"@type\":\"EntryPoint\",\"urlTemplate\":\"https:\/\/sorece.org\/maricela\/?s={search_term_string}\"},\"query-input\":{\"@type\":\"PropertyValueSpecification\",\"valueRequired\":true,\"valueName\":\"search_term_string\"}}],\"inLanguage\":\"es\"},{\"@type\":\"Organization\",\"@id\":\"https:\/\/sorece.org\/maricela\/#organization\",\"name\":\"Sorece\",\"url\":\"https:\/\/sorece.org\/maricela\/\",\"logo\":{\"@type\":\"ImageObject\",\"inLanguage\":\"es\",\"@id\":\"https:\/\/sorece.org\/maricela\/#\/schema\/logo\/image\/\",\"url\":\"https:\/\/sorece.org\/maricela\/wp-content\/uploads\/2023\/02\/Sorece-logo-Registrada-1-e1737698924626.png\",\"contentUrl\":\"https:\/\/sorece.org\/maricela\/wp-content\/uploads\/2023\/02\/Sorece-logo-Registrada-1-e1737698924626.png\",\"width\":628,\"height\":730,\"caption\":\"Sorece\"},\"image\":{\"@id\":\"https:\/\/sorece.org\/maricela\/#\/schema\/logo\/image\/\"}}]}<\/script>\n<!-- \/ Yoast SEO Premium plugin. -->","yoast_head_json":{"title":"Introducci\u00f3n a los feminismos. Historia y luchas feministas. - Sorece","description":"En este curso abordaremos de manera introductoria la historia, el pensamiento y las luchas de las mujeres en las diversas corrientes del feminismo, haciendo un recorrido hist\u00f3rico de los debates m\u00e1s importantes y conceptos clave propuestos desde el feminismo de la Ilustraci\u00f3n hasta los feminismos posmodernos. Se revisar\u00e1n los trabajos de las principales exponentes del pensamiento feminista en sus distintas vertientes.","robots":{"index":"index","follow":"follow","max-snippet":"max-snippet:-1","max-image-preview":"max-image-preview:large","max-video-preview":"max-video-preview:-1"},"canonical":"https:\/\/sorece.org\/maricela\/producto\/introduccion-a-los-feminismos-historia-y-luchas-feministas\/","og_locale":"es_ES","og_type":"article","og_title":"Introducci\u00f3n a los feminismos. Historia y luchas feministas.","og_description":"En este curso abordaremos de manera introductoria la historia, el pensamiento y las luchas de las mujeres en las diversas corrientes del feminismo, haciendo un recorrido hist\u00f3rico de los debates m\u00e1s importantes y conceptos clave propuestos desde el feminismo de la Ilustraci\u00f3n hasta los feminismos posmodernos. Se revisar\u00e1n los trabajos de las principales exponentes del pensamiento feminista en sus distintas vertientes.","og_url":"https:\/\/sorece.org\/maricela\/producto\/introduccion-a-los-feminismos-historia-y-luchas-feministas\/","og_site_name":"Sorece","article_modified_time":"2024-11-15T21:27:43+00:00","og_image":[{"width":850,"height":850,"url":"https:\/\/sorece.org\/maricela\/wp-content\/uploads\/2024\/11\/c0914ff1-274b-48c2-b7de-c746c403e0f5.jpg","type":"image\/jpeg"}],"twitter_card":"summary_large_image","twitter_misc":{"Tiempo de lectura":"3 minutos"},"schema":{"@context":"https:\/\/schema.org","@graph":[{"@type":"WebPage","@id":"https:\/\/sorece.org\/maricela\/producto\/introduccion-a-los-feminismos-historia-y-luchas-feministas\/","url":"https:\/\/sorece.org\/maricela\/producto\/introduccion-a-los-feminismos-historia-y-luchas-feministas\/","name":"Introducci\u00f3n a los feminismos. Historia y luchas feministas. - Sorece","isPartOf":{"@id":"https:\/\/sorece.org\/maricela\/#website"},"primaryImageOfPage":{"@id":"https:\/\/sorece.org\/maricela\/producto\/introduccion-a-los-feminismos-historia-y-luchas-feministas\/#primaryimage"},"image":{"@id":"https:\/\/sorece.org\/maricela\/producto\/introduccion-a-los-feminismos-historia-y-luchas-feministas\/#primaryimage"},"thumbnailUrl":"https:\/\/sorece.org\/maricela\/wp-content\/uploads\/2024\/11\/c0914ff1-274b-48c2-b7de-c746c403e0f5.jpg","datePublished":"2024-11-15T21:21:03+00:00","dateModified":"2024-11-15T21:27:43+00:00","description":"En este curso abordaremos de manera introductoria la historia, el pensamiento y las luchas de las mujeres en las diversas corrientes del feminismo, haciendo un recorrido hist\u00f3rico de los debates m\u00e1s importantes y conceptos clave propuestos desde el feminismo de la Ilustraci\u00f3n hasta los feminismos posmodernos. Se revisar\u00e1n los trabajos de las principales exponentes del pensamiento feminista en sus distintas vertientes.","breadcrumb":{"@id":"https:\/\/sorece.org\/maricela\/producto\/introduccion-a-los-feminismos-historia-y-luchas-feministas\/#breadcrumb"},"inLanguage":"es","potentialAction":[{"@type":"ReadAction","target":["https:\/\/sorece.org\/maricela\/producto\/introduccion-a-los-feminismos-historia-y-luchas-feministas\/"]}]},{"@type":"ImageObject","inLanguage":"es","@id":"https:\/\/sorece.org\/maricela\/producto\/introduccion-a-los-feminismos-historia-y-luchas-feministas\/#primaryimage","url":"https:\/\/sorece.org\/maricela\/wp-content\/uploads\/2024\/11\/c0914ff1-274b-48c2-b7de-c746c403e0f5.jpg","contentUrl":"https:\/\/sorece.org\/maricela\/wp-content\/uploads\/2024\/11\/c0914ff1-274b-48c2-b7de-c746c403e0f5.jpg","width":850,"height":850},{"@type":"BreadcrumbList","@id":"https:\/\/sorece.org\/maricela\/producto\/introduccion-a-los-feminismos-historia-y-luchas-feministas\/#breadcrumb","itemListElement":[{"@type":"ListItem","position":1,"name":"Home","item":"https:\/\/sorece.org\/maricela\/"},{"@type":"ListItem","position":2,"name":"Productos","item":"https:\/\/sorece.org\/maricela\/shop\/"},{"@type":"ListItem","position":3,"name":"Introducci\u00f3n a los feminismos. Historia y luchas feministas."}]},{"@type":"WebSite","@id":"https:\/\/sorece.org\/maricela\/#website","url":"https:\/\/sorece.org\/maricela\/","name":"Sorece","description":"Asociaci\u00f3n de Psic\u00f3logas Feminista","publisher":{"@id":"https:\/\/sorece.org\/maricela\/#organization"},"potentialAction":[{"@type":"SearchAction","target":{"@type":"EntryPoint","urlTemplate":"https:\/\/sorece.org\/maricela\/?s={search_term_string}"},"query-input":{"@type":"PropertyValueSpecification","valueRequired":true,"valueName":"search_term_string"}}],"inLanguage":"es"},{"@type":"Organization","@id":"https:\/\/sorece.org\/maricela\/#organization","name":"Sorece","url":"https:\/\/sorece.org\/maricela\/","logo":{"@type":"ImageObject","inLanguage":"es","@id":"https:\/\/sorece.org\/maricela\/#\/schema\/logo\/image\/","url":"https:\/\/sorece.org\/maricela\/wp-content\/uploads\/2023\/02\/Sorece-logo-Registrada-1-e1737698924626.png","contentUrl":"https:\/\/sorece.org\/maricela\/wp-content\/uploads\/2023\/02\/Sorece-logo-Registrada-1-e1737698924626.png","width":628,"height":730,"caption":"Sorece"},"image":{"@id":"https:\/\/sorece.org\/maricela\/#\/schema\/logo\/image\/"}}]}},"_links":{"self":[{"href":"https:\/\/sorece.org\/maricela\/wp-json\/wp\/v2\/product\/16755","targetHints":{"allow":["GET"]}}],"collection":[{"href":"https:\/\/sorece.org\/maricela\/wp-json\/wp\/v2\/product"}],"about":[{"href":"https:\/\/sorece.org\/maricela\/wp-json\/wp\/v2\/types\/product"}],"wp:featuredmedia":[{"embeddable":true,"href":"https:\/\/sorece.org\/maricela\/wp-json\/wp\/v2\/media\/16756"}],"wp:attachment":[{"href":"https:\/\/sorece.org\/maricela\/wp-json\/wp\/v2\/media?parent=16755"}],"wp:term":[{"taxonomy":"product_brand","embeddable":true,"href":"https:\/\/sorece.org\/maricela\/wp-json\/wp\/v2\/product_brand?post=16755"},{"taxonomy":"product_cat","embeddable":true,"href":"https:\/\/sorece.org\/maricela\/wp-json\/wp\/v2\/product_cat?post=16755"},{"taxonomy":"product_tag","embeddable":true,"href":"https:\/\/sorece.org\/maricela\/wp-json\/wp\/v2\/product_tag?post=16755"}],"curies":[{"name":"wp","href":"https:\/\/api.w.org\/{rel}","templated":true}]}}