{"id":16741,"date":"2024-11-14T19:54:00","date_gmt":"2024-11-15T01:54:00","guid":{"rendered":"https:\/\/sorece.org\/maricela\/?post_type=product&#038;p=16741"},"modified":"2024-11-15T15:16:43","modified_gmt":"2024-11-15T21:16:43","slug":"curso-perspectiva-de-genero","status":"publish","type":"product","link":"https:\/\/sorece.org\/maricela\/producto\/curso-perspectiva-de-genero\/","title":{"rendered":"Perspectiva de g\u00e9nero"},"content":{"rendered":"<p><span data-sheets-root=\"1\">La perspectiva de g\u00e9nero es un instrumento de an\u00e1lisis que nos permite identificar las diferencias entre mujeres, hombres y disidencias, para establecer acciones que posibiliten situaciones de equidad. As\u00ed, la diferencia sexual puede estudiarse desde lo simb\u00f3lico y no solamente desde el terreno biol\u00f3gico, tambi\u00e9n, se definen las formas en que esta diferencia se convierte en desigualdad cuando un g\u00e9nero ejerce el poder sobre el otro (Silva, 2004).<br \/>\nDe esta manera, es posible comprender, desde esta categor\u00eda, las diferencias, interacciones y diversas formas en que se relacionan y viven los g\u00e9neros; lo cual permite ver desde otra \u00f3ptica las situaciones y construir otros instrumentos que fomenten la equidad.<\/span><\/p>\n<p>Este curso tiene el objetivo de s<span data-sheets-root=\"1\">ensibilizar en torno a la perspectiva de g\u00e9nero, informar sobre los roles y estereotipos, concientizar sobre las propias experiencias en relaci\u00f3n al g\u00e9nero, incluyendo la violencia y discriminaci\u00f3n.<\/span><\/p>\n<p>&nbsp;<\/p>\n<p><strong>Temario:<\/strong><\/p>\n<p><span data-sheets-root=\"1\">M\u00f3dulo 1. \u00bfQu\u00e9 es la Perspectiva de g\u00e9nero? <\/span><\/p>\n<p><span data-sheets-root=\"1\">1.1 Antecedentes: Los feminismos.<br \/>\n1.2 Conceptos b\u00e1sicos.<br \/>\n1.2.1. Sexo<br \/>\n1.2.2. G\u00e9nero<br \/>\n1.2.3. Asignaci\u00f3n, roles y estereotipos de g\u00e9nero 1.3. Identidades de g\u00e9nero<br \/>\n1.3.1 Identidad sexo-gen\u00e9rica<br \/>\n1.3.2. Identidad sexo-er\u00f3tica<\/span><\/p>\n<p><span data-sheets-root=\"1\"><br \/>\nM\u00f3dulo 2. Las violencias de g\u00e9nero<\/span><\/p>\n<p><span data-sheets-root=\"1\"><br \/>\n2.1 \u00bfCu\u00e1les son las violencias de g\u00e9nero? \u00c1mbitos y modalidades<br \/>\n2.2 Impactos psicosociales de las violencias de g\u00e9nero<br \/>\n2.3 El ciclo y el continumm de la violencia. <\/span><\/p>\n<p><span data-sheets-root=\"1\">2.4 Las experiencias y resistencias ante la violencia.<br \/>\n<\/span><\/p>\n<p>&nbsp;<\/p>\n<p><span data-sheets-root=\"1\">M\u00f3dulo 3. Discriminaciones y g\u00e9nero<\/span><\/p>\n<p><span data-sheets-root=\"1\"><br \/>\n3.1 Las discriminaciones<br \/>\n3.2. Discriminaci\u00f3n en torno al g\u00e9nero<br \/>\n3.3. Homofobia, lesbofobia, bifobia y transfobia.<br \/>\n3.4. La revictimizaci\u00f3n<br \/>\n3.5. Compromisos y acciones concretas para emplear la perspectiva de g\u00e9nero en la vida cotidiana.<\/span><\/p>\n<p>&nbsp;<\/p>\n<p><span data-sheets-root=\"1\"><strong>Dirigido a:<\/strong><\/span><\/p>\n<p><span data-sheets-root=\"1\">P\u00fablico general.<\/span><\/p>\n<p><strong>Modalidad:<\/strong><\/p>\n<p>Online, asincr\u00f3nico.<\/p>\n<p><strong>Imparte:<\/strong><\/p>\n<p class=\"p1\">Bianca P\u00e9rez Reyes<\/p>\n<p class=\"p1\">Es psic\u00f3loga feminista, especialista en atenci\u00f3n a v\u00edctimas de violencia sexual y de g\u00e9nero y en Teor\u00eda e Investigaci\u00f3n feminista por el Centro de Investigaciones Interdisciplinarias en Ciencias y Humanidades de la UNAM. Es especialista en Psicodrama y coordinaci\u00f3n de grupos, es acompa\u00f1ante psicosocial egresada de la Escuela Nacional de Acompa\u00f1amiento Psicosocial para la defensa de los derechos humanos de Aluna y especialista en peritajes psicosociales por la Universidad Aut\u00f3noma de Quer\u00e9taro.<\/p>\n<p class=\"p1\">En 2018 fund\u00f3 Sorece. Asociaci\u00f3n de psic\u00f3logas feministas, A.C. Una red de terapeutas con alcance en varios estados de la rep\u00fablica que atiende a cientos de mujeres semanalmente. Actualmente es directora general de esta asociaci\u00f3n, en donde tambi\u00e9n acompa\u00f1a a sobrevivientes y organizaciones civiles que resisten la violencia patriarcal.<\/p>\n<p class=\"p1\">Ha desarrollado recursos y participado en la coordinaci\u00f3n de acompa\u00f1amientos a defensoras de derechos humanos y v\u00edctimas de violencia de g\u00e9nero a trav\u00e9s de la Iniciativa Spotlight de ONU Derechos Humanos y en el Programa para la Resiliencia de la Sociedad civil de USAID.<\/p>\n","protected":false},"excerpt":{"rendered":"<p style=\"text-align: left\"><span data-sheets-root=\"1\">Este curso es una aproximaci\u00f3n a la perspectiva de g\u00e9nero, desde sus conceptos b\u00e1sicos, hasta la identificaci\u00f3n de los tipos y los \u00e1mbitos de las violencias y de las discriminaciones de g\u00e9nero en la vida cotidiana. <\/span><\/p>\n<p style=\"text-align: left\"><span data-sheets-root=\"1\">Estudiaremos el ciclo de la violencia de g\u00e9nero, as\u00ed como los impactos psicosociales en las personas que las afrontan, aprenderemos a evitar la revictimizaci\u00f3n y a ejercer pr\u00e1cticas para prevenir y\/o atender su incidencia.<\/span><\/p>\n<p>&nbsp;<\/p>\n","protected":false},"featured_media":16742,"template":"","meta":{"give_campaign_id":0},"product_brand":[],"product_cat":[20],"product_tag":[],"class_list":{"0":"post-16741","1":"product","2":"type-product","3":"status-publish","4":"has-post-thumbnail","6":"product_cat-curso-online","8":"first","9":"instock","10":"sale","11":"virtual","12":"purchasable","13":"product-type-simple"},"yoast_head":"<!-- This site is optimized with the Yoast SEO Premium plugin v21.2 (Yoast SEO v27.1.1) - https:\/\/yoast.com\/product\/yoast-seo-premium-wordpress\/ -->\n<title>Perspectiva de g\u00e9nero - Sorece<\/title>\n<meta name=\"description\" content=\"Este curso es una aproximaci\u00f3n a la perspectiva de g\u00e9nero, desde sus conceptos b\u00e1sicos, hasta la identificaci\u00f3n de los tipos y los \u00e1mbitos de las violencias y de las discriminaciones en la vida cotidiana. Estudiaremos el ciclo de la violencia de g\u00e9nero, as\u00ed como los impactos psicosociales en las personas que las afrontan, aprenderemos a evitar la revictimizaci\u00f3n y a ejercer pr\u00e1cticas para prevenir y\/o atender su incidencia.\" \/>\n<meta name=\"robots\" content=\"index, follow, max-snippet:-1, max-image-preview:large, max-video-preview:-1\" \/>\n<link rel=\"canonical\" href=\"https:\/\/sorece.org\/maricela\/producto\/curso-perspectiva-de-genero\/\" \/>\n<meta property=\"og:locale\" content=\"es_ES\" \/>\n<meta property=\"og:type\" content=\"article\" \/>\n<meta property=\"og:title\" content=\"Perspectiva de g\u00e9nero\" \/>\n<meta property=\"og:description\" content=\"Este curso es una aproximaci\u00f3n a la perspectiva de g\u00e9nero, desde sus conceptos b\u00e1sicos, hasta la identificaci\u00f3n de los tipos y los \u00e1mbitos de las violencias y de las discriminaciones en la vida cotidiana. Estudiaremos el ciclo de la violencia de g\u00e9nero, as\u00ed como los impactos psicosociales en las personas que las afrontan, aprenderemos a evitar la revictimizaci\u00f3n y a ejercer pr\u00e1cticas para prevenir y\/o atender su incidencia.\" \/>\n<meta property=\"og:url\" content=\"https:\/\/sorece.org\/maricela\/producto\/curso-perspectiva-de-genero\/\" \/>\n<meta property=\"og:site_name\" content=\"Sorece\" \/>\n<meta property=\"article:modified_time\" content=\"2024-11-15T21:16:43+00:00\" \/>\n<meta property=\"og:image\" content=\"https:\/\/sorece.org\/maricela\/wp-content\/uploads\/2024\/11\/f829edad-006e-490c-bebe-cc6a81279635.jpg\" \/>\n\t<meta property=\"og:image:width\" content=\"850\" \/>\n\t<meta property=\"og:image:height\" content=\"850\" \/>\n\t<meta property=\"og:image:type\" content=\"image\/jpeg\" \/>\n<meta name=\"twitter:card\" content=\"summary_large_image\" \/>\n<meta name=\"twitter:label1\" content=\"Tiempo de lectura\" \/>\n\t<meta name=\"twitter:data1\" content=\"3 minutos\" \/>\n<script type=\"application\/ld+json\" class=\"yoast-schema-graph\">{\"@context\":\"https:\/\/schema.org\",\"@graph\":[{\"@type\":\"WebPage\",\"@id\":\"https:\/\/sorece.org\/maricela\/producto\/curso-perspectiva-de-genero\/\",\"url\":\"https:\/\/sorece.org\/maricela\/producto\/curso-perspectiva-de-genero\/\",\"name\":\"Perspectiva de g\u00e9nero - Sorece\",\"isPartOf\":{\"@id\":\"https:\/\/sorece.org\/maricela\/#website\"},\"primaryImageOfPage\":{\"@id\":\"https:\/\/sorece.org\/maricela\/producto\/curso-perspectiva-de-genero\/#primaryimage\"},\"image\":{\"@id\":\"https:\/\/sorece.org\/maricela\/producto\/curso-perspectiva-de-genero\/#primaryimage\"},\"thumbnailUrl\":\"https:\/\/sorece.org\/maricela\/wp-content\/uploads\/2024\/11\/f829edad-006e-490c-bebe-cc6a81279635.jpg\",\"datePublished\":\"2024-11-15T01:54:00+00:00\",\"dateModified\":\"2024-11-15T21:16:43+00:00\",\"description\":\"Este curso es una aproximaci\u00f3n a la perspectiva de g\u00e9nero, desde sus conceptos b\u00e1sicos, hasta la identificaci\u00f3n de los tipos y los \u00e1mbitos de las violencias y de las discriminaciones en la vida cotidiana. Estudiaremos el ciclo de la violencia de g\u00e9nero, as\u00ed como los impactos psicosociales en las personas que las afrontan, aprenderemos a evitar la revictimizaci\u00f3n y a ejercer pr\u00e1cticas para prevenir y\/o atender su incidencia.\",\"breadcrumb\":{\"@id\":\"https:\/\/sorece.org\/maricela\/producto\/curso-perspectiva-de-genero\/#breadcrumb\"},\"inLanguage\":\"es\",\"potentialAction\":[{\"@type\":\"ReadAction\",\"target\":[\"https:\/\/sorece.org\/maricela\/producto\/curso-perspectiva-de-genero\/\"]}]},{\"@type\":\"ImageObject\",\"inLanguage\":\"es\",\"@id\":\"https:\/\/sorece.org\/maricela\/producto\/curso-perspectiva-de-genero\/#primaryimage\",\"url\":\"https:\/\/sorece.org\/maricela\/wp-content\/uploads\/2024\/11\/f829edad-006e-490c-bebe-cc6a81279635.jpg\",\"contentUrl\":\"https:\/\/sorece.org\/maricela\/wp-content\/uploads\/2024\/11\/f829edad-006e-490c-bebe-cc6a81279635.jpg\",\"width\":850,\"height\":850},{\"@type\":\"BreadcrumbList\",\"@id\":\"https:\/\/sorece.org\/maricela\/producto\/curso-perspectiva-de-genero\/#breadcrumb\",\"itemListElement\":[{\"@type\":\"ListItem\",\"position\":1,\"name\":\"Home\",\"item\":\"https:\/\/sorece.org\/maricela\/\"},{\"@type\":\"ListItem\",\"position\":2,\"name\":\"Productos\",\"item\":\"https:\/\/sorece.org\/maricela\/shop\/\"},{\"@type\":\"ListItem\",\"position\":3,\"name\":\"Perspectiva de g\u00e9nero\"}]},{\"@type\":\"WebSite\",\"@id\":\"https:\/\/sorece.org\/maricela\/#website\",\"url\":\"https:\/\/sorece.org\/maricela\/\",\"name\":\"Sorece\",\"description\":\"Asociaci\u00f3n de Psic\u00f3logas Feminista\",\"publisher\":{\"@id\":\"https:\/\/sorece.org\/maricela\/#organization\"},\"potentialAction\":[{\"@type\":\"SearchAction\",\"target\":{\"@type\":\"EntryPoint\",\"urlTemplate\":\"https:\/\/sorece.org\/maricela\/?s={search_term_string}\"},\"query-input\":{\"@type\":\"PropertyValueSpecification\",\"valueRequired\":true,\"valueName\":\"search_term_string\"}}],\"inLanguage\":\"es\"},{\"@type\":\"Organization\",\"@id\":\"https:\/\/sorece.org\/maricela\/#organization\",\"name\":\"Sorece\",\"url\":\"https:\/\/sorece.org\/maricela\/\",\"logo\":{\"@type\":\"ImageObject\",\"inLanguage\":\"es\",\"@id\":\"https:\/\/sorece.org\/maricela\/#\/schema\/logo\/image\/\",\"url\":\"https:\/\/sorece.org\/maricela\/wp-content\/uploads\/2023\/02\/Sorece-logo-Registrada-1-e1737698924626.png\",\"contentUrl\":\"https:\/\/sorece.org\/maricela\/wp-content\/uploads\/2023\/02\/Sorece-logo-Registrada-1-e1737698924626.png\",\"width\":628,\"height\":730,\"caption\":\"Sorece\"},\"image\":{\"@id\":\"https:\/\/sorece.org\/maricela\/#\/schema\/logo\/image\/\"}}]}<\/script>\n<!-- \/ Yoast SEO Premium plugin. -->","yoast_head_json":{"title":"Perspectiva de g\u00e9nero - Sorece","description":"Este curso es una aproximaci\u00f3n a la perspectiva de g\u00e9nero, desde sus conceptos b\u00e1sicos, hasta la identificaci\u00f3n de los tipos y los \u00e1mbitos de las violencias y de las discriminaciones en la vida cotidiana. Estudiaremos el ciclo de la violencia de g\u00e9nero, as\u00ed como los impactos psicosociales en las personas que las afrontan, aprenderemos a evitar la revictimizaci\u00f3n y a ejercer pr\u00e1cticas para prevenir y\/o atender su incidencia.","robots":{"index":"index","follow":"follow","max-snippet":"max-snippet:-1","max-image-preview":"max-image-preview:large","max-video-preview":"max-video-preview:-1"},"canonical":"https:\/\/sorece.org\/maricela\/producto\/curso-perspectiva-de-genero\/","og_locale":"es_ES","og_type":"article","og_title":"Perspectiva de g\u00e9nero","og_description":"Este curso es una aproximaci\u00f3n a la perspectiva de g\u00e9nero, desde sus conceptos b\u00e1sicos, hasta la identificaci\u00f3n de los tipos y los \u00e1mbitos de las violencias y de las discriminaciones en la vida cotidiana. Estudiaremos el ciclo de la violencia de g\u00e9nero, as\u00ed como los impactos psicosociales en las personas que las afrontan, aprenderemos a evitar la revictimizaci\u00f3n y a ejercer pr\u00e1cticas para prevenir y\/o atender su incidencia.","og_url":"https:\/\/sorece.org\/maricela\/producto\/curso-perspectiva-de-genero\/","og_site_name":"Sorece","article_modified_time":"2024-11-15T21:16:43+00:00","og_image":[{"width":850,"height":850,"url":"https:\/\/sorece.org\/maricela\/wp-content\/uploads\/2024\/11\/f829edad-006e-490c-bebe-cc6a81279635.jpg","type":"image\/jpeg"}],"twitter_card":"summary_large_image","twitter_misc":{"Tiempo de lectura":"3 minutos"},"schema":{"@context":"https:\/\/schema.org","@graph":[{"@type":"WebPage","@id":"https:\/\/sorece.org\/maricela\/producto\/curso-perspectiva-de-genero\/","url":"https:\/\/sorece.org\/maricela\/producto\/curso-perspectiva-de-genero\/","name":"Perspectiva de g\u00e9nero - Sorece","isPartOf":{"@id":"https:\/\/sorece.org\/maricela\/#website"},"primaryImageOfPage":{"@id":"https:\/\/sorece.org\/maricela\/producto\/curso-perspectiva-de-genero\/#primaryimage"},"image":{"@id":"https:\/\/sorece.org\/maricela\/producto\/curso-perspectiva-de-genero\/#primaryimage"},"thumbnailUrl":"https:\/\/sorece.org\/maricela\/wp-content\/uploads\/2024\/11\/f829edad-006e-490c-bebe-cc6a81279635.jpg","datePublished":"2024-11-15T01:54:00+00:00","dateModified":"2024-11-15T21:16:43+00:00","description":"Este curso es una aproximaci\u00f3n a la perspectiva de g\u00e9nero, desde sus conceptos b\u00e1sicos, hasta la identificaci\u00f3n de los tipos y los \u00e1mbitos de las violencias y de las discriminaciones en la vida cotidiana. Estudiaremos el ciclo de la violencia de g\u00e9nero, as\u00ed como los impactos psicosociales en las personas que las afrontan, aprenderemos a evitar la revictimizaci\u00f3n y a ejercer pr\u00e1cticas para prevenir y\/o atender su incidencia.","breadcrumb":{"@id":"https:\/\/sorece.org\/maricela\/producto\/curso-perspectiva-de-genero\/#breadcrumb"},"inLanguage":"es","potentialAction":[{"@type":"ReadAction","target":["https:\/\/sorece.org\/maricela\/producto\/curso-perspectiva-de-genero\/"]}]},{"@type":"ImageObject","inLanguage":"es","@id":"https:\/\/sorece.org\/maricela\/producto\/curso-perspectiva-de-genero\/#primaryimage","url":"https:\/\/sorece.org\/maricela\/wp-content\/uploads\/2024\/11\/f829edad-006e-490c-bebe-cc6a81279635.jpg","contentUrl":"https:\/\/sorece.org\/maricela\/wp-content\/uploads\/2024\/11\/f829edad-006e-490c-bebe-cc6a81279635.jpg","width":850,"height":850},{"@type":"BreadcrumbList","@id":"https:\/\/sorece.org\/maricela\/producto\/curso-perspectiva-de-genero\/#breadcrumb","itemListElement":[{"@type":"ListItem","position":1,"name":"Home","item":"https:\/\/sorece.org\/maricela\/"},{"@type":"ListItem","position":2,"name":"Productos","item":"https:\/\/sorece.org\/maricela\/shop\/"},{"@type":"ListItem","position":3,"name":"Perspectiva de g\u00e9nero"}]},{"@type":"WebSite","@id":"https:\/\/sorece.org\/maricela\/#website","url":"https:\/\/sorece.org\/maricela\/","name":"Sorece","description":"Asociaci\u00f3n de Psic\u00f3logas Feminista","publisher":{"@id":"https:\/\/sorece.org\/maricela\/#organization"},"potentialAction":[{"@type":"SearchAction","target":{"@type":"EntryPoint","urlTemplate":"https:\/\/sorece.org\/maricela\/?s={search_term_string}"},"query-input":{"@type":"PropertyValueSpecification","valueRequired":true,"valueName":"search_term_string"}}],"inLanguage":"es"},{"@type":"Organization","@id":"https:\/\/sorece.org\/maricela\/#organization","name":"Sorece","url":"https:\/\/sorece.org\/maricela\/","logo":{"@type":"ImageObject","inLanguage":"es","@id":"https:\/\/sorece.org\/maricela\/#\/schema\/logo\/image\/","url":"https:\/\/sorece.org\/maricela\/wp-content\/uploads\/2023\/02\/Sorece-logo-Registrada-1-e1737698924626.png","contentUrl":"https:\/\/sorece.org\/maricela\/wp-content\/uploads\/2023\/02\/Sorece-logo-Registrada-1-e1737698924626.png","width":628,"height":730,"caption":"Sorece"},"image":{"@id":"https:\/\/sorece.org\/maricela\/#\/schema\/logo\/image\/"}}]}},"_links":{"self":[{"href":"https:\/\/sorece.org\/maricela\/wp-json\/wp\/v2\/product\/16741","targetHints":{"allow":["GET"]}}],"collection":[{"href":"https:\/\/sorece.org\/maricela\/wp-json\/wp\/v2\/product"}],"about":[{"href":"https:\/\/sorece.org\/maricela\/wp-json\/wp\/v2\/types\/product"}],"wp:featuredmedia":[{"embeddable":true,"href":"https:\/\/sorece.org\/maricela\/wp-json\/wp\/v2\/media\/16742"}],"wp:attachment":[{"href":"https:\/\/sorece.org\/maricela\/wp-json\/wp\/v2\/media?parent=16741"}],"wp:term":[{"taxonomy":"product_brand","embeddable":true,"href":"https:\/\/sorece.org\/maricela\/wp-json\/wp\/v2\/product_brand?post=16741"},{"taxonomy":"product_cat","embeddable":true,"href":"https:\/\/sorece.org\/maricela\/wp-json\/wp\/v2\/product_cat?post=16741"},{"taxonomy":"product_tag","embeddable":true,"href":"https:\/\/sorece.org\/maricela\/wp-json\/wp\/v2\/product_tag?post=16741"}],"curies":[{"name":"wp","href":"https:\/\/api.w.org\/{rel}","templated":true}]}}